w) = -6*w**2 - 7*w + 10. Let c(u) = -5*u**2 - 7*u + 9. Let i(q) = -7*c(q) + 6*f(q). Let g(l) = 10*l**2 + 168*l - 172. Let k be g(1). Determine i(k).
3
Suppose 4*p - 18 = -0*k + k, 2*p = 10. Suppose 6*b + 172 = -3*j + b, -j - 56 = k*b. Let s = j + 60. Let n(g) = -3*g - 5. Give n(s).
7
Let k be 2 - (8 + (-30)/6). Let w(l) = -29*l**3 + 49*l**3 - 13*l**3 - 1 + 2*l**2 - 20*l**3. Give w(k).
14
Let v = -12 - -6. Let d be 58 + 0 - -4 - (10 - 6). Let c(n) = n**3 - 2*n**2 + d*n - 2*n**3 - 2*n**2 - 64*n - 1 - 3*n**2. Calculate c(v).
-1
Suppose 0*l - j - 23 = -3*l, l + 3*j = -9. Let k(s) = 14*s + 87 - 83 - 22*s. Let i(h) = -7*h + 4. Let d(z) = l*k(z) - 7*i(z). Calculate d(3).
-1
Let n(a) = a**3 - a**2 + 2*a - 3. Suppose -307 + 277 = 10*i. Let p(g) = g**3 - 3. Let j(y) = i*n(y) + 2*p(y). Give j(4).
-37
Suppose 380*o - 871 - 649 = 0. Let a(c) be the first derivative of c**4/4 - c**3 - 7*c**2/2 + 9*c + 2. Determine a(o).
-3
Suppose -4*v = -3*v + 1, -5*v = -3*i + 2315. Let u(z) = 0*z**2 - i + z**2 + 779 + 8*z. What is u(-6)?
-3
Let m(j) = -5*j**2 + 22*j + 10. Suppose -f = 5*d - 54, 3*f = -2*d - d + 198. Let a = 74 - f. Let h be m(a). Let s(y) = -y**3 - 3*y**2 + 8*y + 6. Give s(h).
16
Let g(d) = 0*d**2 + 104259*d - 32 + d**2 - 104242*d + 5. Give g(-14).
-69
Let q(a) = 167*a**3 - 13*a**2 - 7*a - 9. Let y(n) = -362*n**3 + 27*n**2 + 15*n + 19. Let t(m) = 13*q(m) + 6*y(m). Determine t(-5).
-48
Let q(z) = -7*z**3 - 52*z**2 - 24*z - 13. Let s be q(-7). Let c(n) = -3*n**2 + 23*n - 8. Give c(s).
-16
Let j(y) be the second derivative of y**5/20 - 4*y**4/3 - 5*y**3/2 - 25*y**2/2 - 870*y. Calculate j(17).
9
Suppose 2*j - 10 = -5*h, 5*h + 2*j = -3*j + 25. Let c(r) = 6*r + 91. Let k(d) = -d - 15. Let b(w) = -2*c(w) - 11*k(w). Determine b(h).
-17
Let z(s) be the second derivative of -s**4/12 + 8*s**3/3 - 13*s**2/2 - 1744*s. Determine z(16).
-13
Let u = 40 - 38. Suppose -q - 5 = -2*k - u*q, -5*k + 11 = 2*q. Let c(j) = 2*j**3 - j**2 + j - 1. Determine c(k).
1
Let l(m) = -m**3 + m**2 - 21*m - 8. Let a(s) = -3*s**3 + 3*s**2 - 44*s - 19. Let v(d) = 2*a(d) - 5*l(d). Calculate v(0).
2
Let k(l) = 9*l - 30. Suppose -39*v - 94 = -2*v - 205. Determine k(v).
-3
Let b(w) be the third derivative of w**5/60 + 3*w**4/8 + 7*w**3/6 + w**2. Suppose -4*r = -5*y - 15, 0 = -3*r + 4*r - 3*y + 5. Let t = r - 18. Determine b(t).
-1
Let c(h) be the first derivative of -11*h**2/2 - h + 8. Let n be 6/15 + 15/25. Let x = n + 0. Calculate c(x).
-12
Let l(y) = -7*y**2 + y - 7 + 2*y - 15*y + 7*y - 1. Calculate l(-3).
-56
Let u(b) be the first derivative of b**2/2 - 4*b + 2310. Give u(-8).
-12
Let p(s) = -s - 6. Let b be p(-9). Let o be -1 + -2 + -10 + 0. Let k(i) = 2*i. Let c(v) = v. Let m(t) = o*c(t) + 6*k(t). Give m(b).
-3
Let c be (-1020)/102 - 7*-1. Let y(w) = w**3 + 3*w**2 - 2*w + 6. Calculate y(c).
12
Let k(v) be the third derivative of v**4/12 - v**3/3 + 304*v**2. Determine k(-8).
-18
Let j(a) = 33 - 35 + 0*a - a. Suppose 7*n + n = 24. Suppose 30 = -n*l + 18. Calculate j(l).
2
Suppose 2*l + 2*t - 3*t = 3, -5*l + 3 = 2*t. Let q(v) = -4*v + 1. Let n be q(l). Let j(f) be the second derivative of -f**4/12 - f**3/6 + 10788*f. What is j(n)?
-6
Let a(s) = -2*s - 35*s**3 - 2*s**2 + 33*s**3 + 654 + 3*s - 646. Calculate a(-2).
14
Let s(u) = -7*u + 7. Let l(j) = j. Let n(a) = -3*l(a) - s(a). Let x be ((-306)/1989 + (-55)/(-104))*(-448)/(-24). Give n(x).
21
Let h be -1*(306/(-54) + (-1)/3). Let m be (-3 - -3)/(h/(-2)). Let i(q) = q**3 - q**2 - q + 1. Calculate i(m).
1
Suppose -150*w + 149*w + 7 = 0. Let u(y) = -5 + w*y - 8 + 2 + 17 - 9*y. Give u(4).
-2
Let a(k) = 2*k + 191 + 0*k - 196. Let g(n) = -27*n - 9. Let x be g(5). Let z = x - -148. Give a(z).
3
Let m(w) = -w**3 - 7*w**2 - w - 6. Let q be ((-368)/(-56))/(-2) - 4/(-14). Let d be q/2 + 3 + (-34)/4. Give m(d).
1
Let f(z) = 13*z - 42. Let j be (120/70)/((52/546)/(1/(-3))). Determine f(j).
-120
Let h(t) = -t**3 + 6*t**2 + 2*t - 31. Suppose 24*b - 46 = -5*m + 27*b, -2*b + 6 = 4*m. Determine h(m).
4
Suppose -43 + 9 = 15*h - 364. Let q(g) = -g**3 + 22*g**2 - 2*g - 16. What is q(h)?
-60
Let t(k) be the third derivative of -k**5/60 + 2*k**4/3 + 4*k**3/3 + 2204*k**2. Calculate t(7).
71
Let f(n) = 2*n + 10. Let t(g) = -g**3 + 10*g**2 - g + 15. Let l be t(10). Suppose 5*z - 6 = l*i - 21, -2*z = -i + 2. Suppose -22 = i*x + 10. What is f(x)?
-6
Let v(h) = h**2 - 12*h + 5. Let m be -2*-3*(14/(-12) + 0). Let k be m - (-19 - 7 - -7). Calculate v(k).
5
Suppose 3*y = 5*m - 0*m + 17, 2*y - 10 = 4*m. Let l(i) = 2*i - 1162*i**2 + 1154*i**2 - 12*i + i - i + i**3. Determine l(y).
-9
Suppose z = -4*b - 16, 8*b - 4 = -2*z + 9*b. Let q be 8/((2 + z)*16/(-32)). Let m(d) = 8 + d - 3 - 8*d**2 - 3*d**3 + 2*d**3. Calculate m(q).
-3
Let f(x) be the first derivative of -6*x**2 + 10*x - 525. Determine f(0).
10
Let l(y) be the second derivative of y**5/20 - 2*y**4/3 - 7*y**3/3 + 41*y**2/2 - 3*y + 440. Determine l(9).
-4
Let r(u) = -u**2 + 5*u + 2. Let j(p) = 4*p**3 - 6*p**2 - 17*p + 64. Let q be j(6). Let c = 615 - q. Determine r(c).
2
Let n = -62287 - -62292. Let x(y) be the first derivative of -y**4/4 + 7*y**3/3 - 7*y**2/2 + 4*y - 1. Determine x(n).
19
Let t(u) = u**2 - 135*u - 545. Let d be t(-4). Let i(n) = -n**2 + n + 121. Calculate i(d).
11
Let x(d) = -2*d - 1. Let m be (29/5 - 0) + (-5)/(-25). Let w be 3/m - 7/(-2). Suppose -w = -2*r - 0*r. Calculate x(r).
-5
Suppose -3*p - 15 = 0, x - 30 = -5*p + 40. Let l = 7505 + -7499. Let c(j) = -l*j**2 - 3*j**3 + 4*j**3 + 1 + 97*j - x*j. What is c(6)?
13
Let v(g) be the first derivative of g**2 - 5 - 5*g**2 + 29 + 3*g - 5. Calculate v(1).
-5
Let s be 0/((-30)/5) - (-1 + -1). Suppose -21 = -s*k - 11. Let j(z) be the second derivative of -z**5/20 + z**4/2 - z**3 + 3*z**2 - 5*z. Calculate j(k).
1
Let v(q) = q**3 + 6*q**2 + 3*q - 1. Let r be 34/30 + (-34)/255. Let z be (-3 - 20/16) + r/4. Determine v(z).
19
Suppose 25*t = -3 + 53. Let g(u) = 0*u - 2 - 5*u + 11 - 1 - 5527*u**t + 5526*u**2. Determine g(2).
-6
Let g(n) = -2*n - 1. Let y(s) = s**2 + 35*s + 233. Let a be y(-26). Let u(c) = 13*c + 5. Let o(i) = a*u(i) - 6*g(i). Give o(1).
0
Let a(y) = -y + 14. Let k(b) = -2*b**2 + 2*b**3 - 6 + 178*b - 359*b + 186*b. Let w be k(2). What is a(w)?
2
Let b(y) = -3*y - 3. Let a be 5/(-15)*-14*15. Let m = 67 - a. Let n be 19/m + (-10)/(-30). Calculate b(n).
15
Let n(s) be the third derivative of -s**5/60 - 5*s**4/12 - 5*s**3 + 20*s**2. Let u be n(-6). Let v(z) = -2*z - 8. Give v(u).
4
Let f be (4/6)/(1/(-3)). Let c(q) be the third derivative of 0*q**3 - 72*q**2 + 0*q + 0 - 1/6*q**4. Calculate c(f).
8
Let o(u) = 4*u + 44 - 78 + 36 - u. Let c = 43 + -53. What is o(c)?
-28
Let u(j) be the third derivative of 0 - 1/24*j**4 - 1/120*j**6 + 80*j**2 + 1/6*j**5 + 0*j + 13/6*j**3. What is u(10)?
3
Let s(q) = 3*q + 76. Let w(m) = m**2 - 15*m - 57. Let i be w(17). Determine s(i).
7
Let z(a) = -a**2 - 3*a - 2. Let d(b) be the second derivative of b**3/6 + 31*b**2/2 + 15*b. Let q be d(5). Suppose 9*t + q = -3*t. Calculate z(t).
-2
Let w(f) be the second derivative of -f**5/20 + f**4/2 + 11*f**3/6 + f**2 + 5*f. Let o be w(7). Let b(l) = o*l + 2*l**3 + 1 - 61*l + 29*l. Determine b(2).
13
Let t(p) = -p**2 - 2*p - 3. Let i be (24/(-8))/(6/344). Let b = i - -168. Calculate t(b).
-11
Let p = -15 - -23. Let c(z) = -14*z**3 - 19*z**2 + 13*z - 22. Let i(w) = -17*w**3 - 21*w**2 + 13*w - 24. Let l(t) = -6*c(t) + 5*i(t). What is l(p)?
-28
Suppose -38*g = -34*g + 4. Let q(v) be the second derivative of 8*v**3/3 - v**2/2 + 347*v. Determine q(g).
-17
Let v(i) = -14*i + 9544 - 3181 - 3211 - 2*i - 3195. Give v(-3).
5
Let k(a) = -a - 12. Let q(x) = 3*x + 37. Let i(r) = -7*k(r) - 2*q(r). Let l be (-9)/(81/369) + 25. Give i(l).
-6
Let b(i) = -2*i + 63*i - 9*i - 5 - 23 - 81. Determine b(2).
-5
Let r(o) = -5*o - 4. Let y(w) = -3*w - 2. Let i(g) = r(g) - 3*y(g). Calculate i(-4).
-14
Let o be -1 - -3*2/3. Suppose -o = u + 2. Let x(p) = 4*p**2 - 44*p - 4. Let w(b) = -b**2 + 8*b. Let n(c) = 5*w(c) + x(c). What is n(u)?
-1
Let v(r) = -6*r + 11. Let k(u) = -9*u**2 - 25*u + 8. Let d be k(-3). Determine v(d).
-1
Let i be 9*2/(-4)*(-1300)/39. Let o be (0 + 10/(-2))*60/i. Let m(c) = 8*c - 1. What is m(o)?
-17
Let h(d) be the third derivative of d**5/20 - 7*d**4/24 - d**3/6 - 506*d**2. Suppose 3*m - 